{"id":224,"date":"2025-04-01T13:24:20","date_gmt":"2025-04-01T11:24:20","guid":{"rendered":"https:\/\/www.naturlandstiftung-hessen.de\/?page_id=224"},"modified":"2025-04-01T13:44:33","modified_gmt":"2025-04-01T11:44:33","slug":"ueber-uns-2","status":"publish","type":"page","link":"https:\/\/www.naturlandstiftung-hessen.de\/?page_id=224","title":{"rendered":"\u00dcber uns&#8230;.."},"content":{"rendered":"\n<p class=\"has-large-font-size\"><mark style=\"background-color:rgba(0, 0, 0, 0);color:#27bc85\" class=\"has-inline-color\"><strong>Geschichte des Kreisverbandes Naturlandstiftung Offenbach am Main Stadt und Kreis<\/strong><\/mark><\/p>\n\n\n\n<p>Nachdem Ende der 1970er, Anfang der 1980er Jahre die Naturlandstiftung Deutschland und div. Landesverb\u00e4nde gegr\u00fcndet wurden, erfassten einige Aktive, u.a. Bgm. Hans Hemberger a.D. und Rudolf Graulich, Oberforstmeister a.D. und andere die Initiative, den Kreisverband zu gr\u00fcnden.<\/p>\n\n\n\n<p>Nach interner Gr\u00fcndung 1984 wurde dann der<br>Verein Naturlandstiftung Hessen e.V.<br>Kreisverband Offenbach Kreis und Stadt<\/p>\n\n\n\n<p>im Dezember 1986 in das Vereinsregister Offenbach eingetragen.<\/p>\n\n\n\n<p>Folgende Mitglieder wurden benannt:<\/p>\n\n\n\n<p>82 Einzelmitglieder<\/p>\n\n\n\n<p>14 St\u00e4dte und Gemeinden incl. Kreis Offenbach<\/p>\n\n\n\n<p>1 Firma mit 120 Mitgliedern<\/p>\n\n\n\n<p>der Kreisbauernverband<\/p>\n\n\n\n<p>der Zweckverband Wasser \u2013 Stadt und Kreis<\/p>\n\n\n\n<p>Verantwortlich zeichneten:<\/p>\n\n\n\n<p>1. Vorsitzender:&nbsp;&nbsp;&nbsp;&nbsp;&nbsp;&nbsp;&nbsp;&nbsp; Landrat Karl Martin Rebel<\/p>\n\n\n\n<p>Gesch\u00e4ftsf\u00fchrer:&nbsp;&nbsp;&nbsp;&nbsp;&nbsp;&nbsp; B\u00fcrgermeister i.R. Hans Hemberger<\/p>\n\n\n\n<p>In den Jahren danach folgten immer die amtierenden Landr\u00e4te als 1. Vorsitzende.<\/p>\n\n\n\n<p>Das waren:<br>Dr. Friedrich Keller<br>Landrat Josef Lach<br>Landrat Peter Walter<\/p>\n\n\n\n<p>Herr Peter Walter \u00fcbertrug das Amt an Frau J\u00e4ger, danach an Herrn L\u00f6w aus Heusenstamm.<\/p>\n\n\n\n<p>Hans Hemberger fungierte bis zu seinem Tod im Jahr 2003 als Gesch\u00e4ftsf\u00fchrer.<\/p>\n\n\n\n<p>Aus vorliegenden Unterlagen entnehmen wir, dass im Jahr 2005 nur in den Gemarkungen Heusenstamm, Mainhausen, M\u00fchlheim und R\u00f6dermark ca. 17 ha Gr\u00fcnfl\u00e4chen gepflegt wurden.<\/p>\n\n\n\n<p>Mit Einladung zur au\u00dferordentlichen Mitgliederversammlung im November 2008 schl\u00e4gt der damalige Vorstand die Aufl\u00f6sung des Kreisverbandes vor.<\/p>\n\n\n\n<p>Die Versammlung stimmt dem Antrag nicht zu (10 zu 8 Stimmen).<\/p>\n\n\n\n<p>Es wird ein neuer Termin f\u00fcr die Wahl eines neuen Vorstandes festgelegt.<\/p>\n\n\n\n<p>Mitglieder zu die diesem Zeitpunkt:<\/p>\n\n\n\n<p>53 Einzelmitglieder<\/p>\n\n\n\n<p>5 Gemeinden<\/p>\n\n\n\n<p><strong>07.05.2009<\/strong>&nbsp;&nbsp;&nbsp;&nbsp;&nbsp;&nbsp;&nbsp;&nbsp;&nbsp;&nbsp;&nbsp;&nbsp;&nbsp;&nbsp;&nbsp;&nbsp; Mitgliederversammlung<\/p>\n\n\n\n<p>Wahl eines neuen gesch\u00e4ftsf\u00fchrenden Vorstandes<\/p>\n\n\n\n<p>Ergebnis<\/p>\n\n\n\n<p>1. Vorsitzender:&nbsp;&nbsp;&nbsp;&nbsp;&nbsp;&nbsp;&nbsp;&nbsp; Adam Winter<\/p>\n\n\n\n<p>2. Vorsitzender:&nbsp;&nbsp;&nbsp;&nbsp;&nbsp;&nbsp;&nbsp;&nbsp; Helmut Otto<\/p>\n\n\n\n<p>Schatzmeister: &nbsp; &nbsp; &nbsp; &nbsp; &nbsp;Fritz Jaud\/Otto Kl\u00f6sel<\/p>\n\n\n\n<p>Schriftf\u00fchrer:&nbsp;&nbsp;&nbsp;&nbsp;&nbsp;&nbsp;&nbsp;&nbsp;&nbsp;&nbsp;&nbsp;&nbsp; Klaus Stra\u00dfmann<\/p>\n\n\n\n<p><strong>Vorstand 2016<\/strong>&nbsp; &nbsp; &nbsp; &nbsp; &nbsp; &nbsp;Vorsitzender:&nbsp;&nbsp;&nbsp;&nbsp;&nbsp;&nbsp;&nbsp;&nbsp;&nbsp;&nbsp;&nbsp;&nbsp; Helmut Otto, seit 2011<\/p>\n\n\n\n<p>Stellv. Vorsitzender: &nbsp; Richard Wurzel, seit 2013<\/p>\n\n\n\n<p>Schatzmeister: &nbsp; &nbsp; &nbsp; &nbsp; &nbsp; Walter Stapp, seit 2013<\/p>\n\n\n\n<p>Schriftf\u00fchrer: &nbsp; &nbsp; &nbsp; &nbsp; &nbsp; &nbsp; &nbsp;vakant<\/p>\n\n\n\n<p>Aktive Beisitzer: &nbsp; &nbsp; &nbsp; &nbsp; Wigbert Hauner und Matthias M\u00fcller<\/p>\n\n\n\n<p>Der neue Vorstand hat sich zum Ziel gesetzt, die jeweiligen Jagdp\u00e4chter beim Schutz der Naturfl\u00e4chen st\u00e4rker mit einzubinden.<\/p>\n\n\n\n<p>Dies ist teils schon geschehen.<\/p>\n\n\n\n<p>Stand der betreuten Fl\u00e4chen 2016:<\/p>\n\n\n\n<p>ca. 34.000 qm<\/p>\n\n\n\n<p>in den Gemarkungen Dreieich, Messenhausen und Ober-Roden<\/p>\n\n\n\n<p><strong>Neuwahlen 2017<\/strong><\/p>\n\n\n\n<p>Ergebnis:<\/p>\n\n\n\n<ol class=\"wp-block-list\">\n<li>Vorsitzender: Helmut Otto<\/li>\n\n\n\n<li>Vorsitzender: Richard Wurzel<\/li>\n<\/ol>\n\n\n\n<ol class=\"wp-block-list\">\n<li>Schatzmeister: Karl-Heinz Wolfram<\/li>\n\n\n\n<li>Schatzmeister: vakant<\/li>\n<\/ol>\n\n\n\n<ol class=\"wp-block-list\">\n<li>Schriftf\u00fchrer: Astrid Weckesser<\/li>\n\n\n\n<li>Schriftf\u00fchrer: Simone Z\u00f6ller<\/li>\n<\/ol>\n\n\n\n<p>Aktive Beisitzer: Matthias M\u00fcller, Ewald K\u00e4semann, Michael Bittner, Wigbert Hauner<\/p>\n\n\n\n<p><strong>Neuwahlen 2019<\/strong><\/p>\n\n\n\n<p>Ergebnis:<\/p>\n\n\n\n<ol class=\"wp-block-list\">\n<li>Vorsitzender: Dr. Uwe E. Weidner<\/li>\n\n\n\n<li>Vorsitzender: Richard Wurzel<\/li>\n<\/ol>\n\n\n\n<ol class=\"wp-block-list\">\n<li>Schatzmeister: Karl-Heinz Wolfram<\/li>\n\n\n\n<li>Schatzmeister: Jaqueline Ring<\/li>\n<\/ol>\n\n\n\n<ol class=\"wp-block-list\">\n<li>Schriftf\u00fchrer: Astrid Weckesser<\/li>\n\n\n\n<li>Schriftf\u00fchrer: Simone Z\u00f6ller<\/li>\n<\/ol>\n\n\n\n<p>Aktive Beisitzer: Matthias M\u00fcller, Ewald K\u00e4semann, Michael Bittner<\/p>\n\n\n\n<p><strong>Neuwahlen 2021<\/strong><\/p>\n\n\n\n<p>Ergebnis:<\/p>\n\n\n\n<ol class=\"wp-block-list\">\n<li>Vorsitzender: Dr. Uwe Weidner<\/li>\n\n\n\n<li>Vorsitzender: Richard Wurzel<\/li>\n<\/ol>\n\n\n\n<ol class=\"wp-block-list\">\n<li>Schatzmeister: Karl-Heinz Wolfram<\/li>\n\n\n\n<li>Schatzmeister: vakant<\/li>\n<\/ol>\n\n\n\n<ol class=\"wp-block-list\">\n<li>Schriftf\u00fchrer: Astrid Weckesser<\/li>\n\n\n\n<li>Schriftf\u00fchrer: Simone Z\u00f6ller<\/li>\n<\/ol>\n\n\n\n<p>Aktive Beisitzer: Matthias M\u00fcller, Ewald K\u00e4semann, Michael Bittner<\/p>\n\n\n\n<p><strong>Neuwahlen 2023<\/strong><\/p>\n\n\n\n<p>Ergebnis:<\/p>\n\n\n\n<ol class=\"wp-block-list\">\n<li>Vorsitzender: Dr. Uwe E. Weidner<\/li>\n\n\n\n<li>Vorsitzender: Richard Wurzel<\/li>\n<\/ol>\n\n\n\n<ol class=\"wp-block-list\">\n<li>Schatzmeister: Karl-Heinz Wolfram<\/li>\n\n\n\n<li>Schatzmeister: vakant<\/li>\n<\/ol>\n\n\n\n<ol class=\"wp-block-list\">\n<li>Schriftf\u00fchrer: Simone Z\u00f6ller<\/li>\n\n\n\n<li>Schriftf\u00fchrer: Niklas Gehnich<\/li>\n<\/ol>\n\n\n\n<p>Aktive Beisitzer: Matthias M\u00fcller, Ewald K\u00e4semann, Michael Bittner, Engelbert Bertrand<\/p>\n\n\n\n<p><strong>Neuwahlen 2025<\/strong><\/p>\n\n\n\n<p>Ergebnis:<\/p>\n\n\n\n<ol class=\"wp-block-list\">\n<li>Vorsitzender:<\/li>\n\n\n\n<li>Vorsitzender: <\/li>\n<\/ol>\n\n\n\n<ol class=\"wp-block-list\">\n<li>Schatzmeister: <\/li>\n\n\n\n<li>Schatzmeister: <\/li>\n<\/ol>\n\n\n\n<ol class=\"wp-block-list\">\n<li>Schriftf\u00fchrer: <\/li>\n\n\n\n<li>Schriftf\u00fchrer: <\/li>\n<\/ol>\n\n\n\n<p>Aktive Beisitzer: <\/p>\n","protected":false},"excerpt":{"rendered":"<p>Geschichte des Kreisverbandes Naturlandstiftung Offenbach am Main Stadt und Kreis Nachdem Ende der 1970er, Anfang der 1980er Jahre die Naturlandstiftung Deutschland und div. Landesverb\u00e4nde gegr\u00fcndet wurden, erfassten einige Aktive, u.a. Bgm. Hans Hemberger a.D. und Rudolf Graulich, Oberforstmeister a.D. und andere die Initiative, den Kreisverband zu gr\u00fcnden. Nach interner Gr\u00fcndung 1984 wurde dann derVerein Naturlandstiftung [&hellip;]<\/p>\n","protected":false},"author":1,"featured_media":0,"parent":0,"menu_order":0,"comment_status":"closed","ping_status":"closed","template":"","meta":{"footnotes":""},"class_list":["post-224","page","type-page","status-publish","hentry","post"],"_links":{"self":[{"href":"https:\/\/www.naturlandstiftung-hessen.de\/index.php?rest_route=\/wp\/v2\/pages\/224","targetHints":{"allow":["GET"]}}],"collection":[{"href":"https:\/\/www.naturlandstiftung-hessen.de\/index.php?rest_route=\/wp\/v2\/pages"}],"about":[{"href":"https:\/\/www.naturlandstiftung-hessen.de\/index.php?rest_route=\/wp\/v2\/types\/page"}],"author":[{"embeddable":true,"href":"https:\/\/www.naturlandstiftung-hessen.de\/index.php?rest_route=\/wp\/v2\/users\/1"}],"replies":[{"embeddable":true,"href":"https:\/\/www.naturlandstiftung-hessen.de\/index.php?rest_route=%2Fwp%2Fv2%2Fcomments&post=224"}],"version-history":[{"count":2,"href":"https:\/\/www.naturlandstiftung-hessen.de\/index.php?rest_route=\/wp\/v2\/pages\/224\/revisions"}],"predecessor-version":[{"id":232,"href":"https:\/\/www.naturlandstiftung-hessen.de\/index.php?rest_route=\/wp\/v2\/pages\/224\/revisions\/232"}],"wp:attachment":[{"href":"https:\/\/www.naturlandstiftung-hessen.de\/index.php?rest_route=%2Fwp%2Fv2%2Fmedia&parent=224"}],"curies":[{"name":"wp","href":"https:\/\/api.w.org\/{rel}","templated":true}]}}